{"id":6086,"date":"2021-05-16T19:29:04","date_gmt":"2021-05-16T17:29:04","guid":{"rendered":"http:\/\/www.dev.centreplage.com\/?page_id=6086"},"modified":"2021-05-22T11:34:41","modified_gmt":"2021-05-22T09:34:41","slug":"contact-2","status":"publish","type":"page","link":"https:\/\/www.dev.centreplage.com\/index.php\/language\/en\/contact-2\/","title":{"rendered":"Contact"},"content":{"rendered":"\t\t<div data-elementor-type=\"wp-page\" data-elementor-id=\"6086\" class=\"elementor elementor-6086\" data-elementor-settings=\"[]\">\n\t\t\t\t\t\t\t<div class=\"elementor-section-wrap\">\n\t\t\t\t\t\t\t<section class=\"elementor-section elementor-top-section elementor-element elementor-element-c9042e3 elementor-section-full_width qodef-elementor-content-grid elementor-section-height-default elementor-section-height-default\" data-id=\"c9042e3\" data-element_type=\"section\">\n\t\t\t\t\t\t<div class=\"elementor-container elementor-column-gap-no\">\n\t\t\t\t\t<div class=\"elementor-column elementor-col-50 elementor-top-column elementor-element elementor-element-7ca5e6f\" data-id=\"7ca5e6f\" data-element_type=\"column\">\n\t\t\t<div class=\"elementor-widget-wrap elementor-element-populated\">\n\t\t\t\t\t\t\t\t<div class=\"elementor-element elementor-element-f52185c elementor-widget elementor-widget-text-editor\" data-id=\"f52185c\" data-element_type=\"widget\" data-widget_type=\"text-editor.default\">\n\t\t\t\t<div class=\"elementor-widget-container\">\n\t\t\t\t\t\t\t\t<h4>Contact the Centre Plage Hotel<\/h4>\t\t\t\t\t\t<\/div>\n\t\t\t\t<\/div>\n\t\t\t\t<div class=\"elementor-element elementor-element-7ac031f elementor-icon-list--layout-traditional elementor-list-item-link-full_width elementor-widget elementor-widget-icon-list\" data-id=\"7ac031f\" data-element_type=\"widget\" data-widget_type=\"icon-list.default\">\n\t\t\t\t<div class=\"elementor-widget-container\">\n\t\t\t\t\t<ul class=\"elementor-icon-list-items\">\n\t\t\t\t\t\t\t<li class=\"elementor-icon-list-item\">\n\t\t\t\t\t\t\t\t\t\t\t<span class=\"elementor-icon-list-icon\">\n\t\t\t\t\t\t\t<i aria-hidden=\"true\" class=\"fas fa-map-marker-alt\"><\/i>\t\t\t\t\t\t<\/span>\n\t\t\t\t\t\t\t\t\t\t<span class=\"elementor-icon-list-text\">4, all\u00e9e des Palmiers - 66 700 Argel\u00e8s-sur-mer<\/span>\n\t\t\t\t\t\t\t\t\t<\/li>\n\t\t\t\t\t\t\t\t<li class=\"elementor-icon-list-item\">\n\t\t\t\t\t<a href=\"tel:0468811224\">\t\t\t\t\t\t<span class=\"elementor-icon-list-icon\">\n\t\t\t\t\t\t\t<i aria-hidden=\"true\" class=\"fas fa-phone-alt\"><\/i>\t\t\t\t\t\t<\/span>\n\t\t\t\t\t\t\t\t\t\t<span class=\"elementor-icon-list-text\">04 68 81 12 24<\/span>\n\t\t\t\t\t\t\t\t\t\t\t<\/a>\n\t\t\t\t\t\t\t\t\t<\/li>\n\t\t\t\t\t\t\t\t<li class=\"elementor-icon-list-item\">\n\t\t\t\t\t<a href=\"mailto:contact@centreplage.com\">\t\t\t\t\t\t<span class=\"elementor-icon-list-icon\">\n\t\t\t\t\t\t\t<i aria-hidden=\"true\" class=\"fas fa-envelope\"><\/i>\t\t\t\t\t\t<\/span>\n\t\t\t\t\t\t\t\t\t\t<span class=\"elementor-icon-list-text\">contact@centreplage.com<\/span>\n\t\t\t\t\t\t\t\t\t\t\t<\/a>\n\t\t\t\t\t\t\t\t\t<\/li>\n\t\t\t\t\t\t<\/ul>\n\t\t\t\t<\/div>\n\t\t\t\t<\/div>\n\t\t\t\t<div class=\"elementor-element elementor-element-d48a068 elementor-widget elementor-widget-text-editor\" data-id=\"d48a068\" data-element_type=\"widget\" data-widget_type=\"text-editor.default\">\n\t\t\t\t<div class=\"elementor-widget-container\">\n\t\t\t\t\t\t\t\t<p>Vous vous pouvez \u00e9galement remplir le formulaire ci-dessous: :\u00a0<\/p>\t\t\t\t\t\t<\/div>\n\t\t\t\t<\/div>\n\t\t\t\t<div class=\"elementor-element elementor-element-47066d9 elementor-button-align-stretch elementor-widget elementor-widget-form\" data-id=\"47066d9\" data-element_type=\"widget\" data-settings=\"{&quot;step_next_label&quot;:&quot;Next&quot;,&quot;step_previous_label&quot;:&quot;Previous&quot;,&quot;button_width&quot;:&quot;100&quot;,&quot;step_type&quot;:&quot;number_text&quot;,&quot;step_icon_shape&quot;:&quot;circle&quot;}\" data-widget_type=\"form.default\">\n\t\t\t\t<div class=\"elementor-widget-container\">\n\t\t\t\t\t<form class=\"elementor-form\" method=\"post\" name=\"Contact\">\n\t\t\t<input type=\"hidden\" name=\"post_id\" value=\"6086\"\/>\n\t\t\t<input type=\"hidden\" name=\"form_id\" value=\"47066d9\"\/>\n\t\t\t<input type=\"hidden\" name=\"referer_title\" value=\"Hotel Centre Plage\" \/>\n\n\t\t\t\n\t\t\t<div class=\"elementor-form-fields-wrapper elementor-labels-\">\n\t\t\t\t\t\t\t\t<div class=\"elementor-field-type-text elementor-field-group elementor-column elementor-field-group-name elementor-col-100\">\n\t\t\t\t\t<label for=\"form-field-name\" class=\"elementor-field-label elementor-screen-only\">Nom<\/label><input size=\"1\" type=\"text\" name=\"form_fields[name]\" id=\"form-field-name\" class=\"elementor-field elementor-size-sm  elementor-field-textual\" placeholder=\"Nom\">\t\t\t\t<\/div>\n\t\t\t\t\t\t\t\t<div class=\"elementor-field-type-text elementor-field-group elementor-column elementor-field-group-field_0ebeb1a elementor-col-100\">\n\t\t\t\t\t<label for=\"form-field-field_0ebeb1a\" class=\"elementor-field-label elementor-screen-only\">Pr\u00e9nom<\/label><input size=\"1\" type=\"text\" name=\"form_fields[field_0ebeb1a]\" id=\"form-field-field_0ebeb1a\" class=\"elementor-field elementor-size-sm  elementor-field-textual\" placeholder=\"Pr\u00e9nom\">\t\t\t\t<\/div>\n\t\t\t\t\t\t\t\t<div class=\"elementor-field-type-number elementor-field-group elementor-column elementor-field-group-field_899746c elementor-col-100\">\n\t\t\t\t\t<label for=\"form-field-field_899746c\" class=\"elementor-field-label elementor-screen-only\">T\u00e9l\u00e9phone<\/label><input type=\"number\" name=\"form_fields[field_899746c]\" id=\"form-field-field_899746c\" class=\"elementor-field elementor-size-sm  elementor-field-textual\" placeholder=\"T\u00e9l\u00e9phone\" min=\"\" max=\"\">\t\t\t\t<\/div>\n\t\t\t\t\t\t\t\t<div class=\"elementor-field-type-email elementor-field-group elementor-column elementor-field-group-email elementor-col-100 elementor-field-required\">\n\t\t\t\t\t<label for=\"form-field-email\" class=\"elementor-field-label elementor-screen-only\">Email<\/label><input size=\"1\" type=\"email\" name=\"form_fields[email]\" id=\"form-field-email\" class=\"elementor-field elementor-size-sm  elementor-field-textual\" placeholder=\"Email\" required=\"required\" aria-required=\"true\">\t\t\t\t<\/div>\n\t\t\t\t\t\t\t\t<div class=\"elementor-field-type-text elementor-field-group elementor-column elementor-field-group-field_993c263 elementor-col-100\">\n\t\t\t\t\t<label for=\"form-field-field_993c263\" class=\"elementor-field-label elementor-screen-only\">Adresse<\/label><input size=\"1\" type=\"text\" name=\"form_fields[field_993c263]\" id=\"form-field-field_993c263\" class=\"elementor-field elementor-size-sm  elementor-field-textual\" placeholder=\"Adresse\">\t\t\t\t<\/div>\n\t\t\t\t\t\t\t\t<div class=\"elementor-field-type-textarea elementor-field-group elementor-column elementor-field-group-message elementor-col-100\">\n\t\t\t\t\t<label for=\"form-field-message\" class=\"elementor-field-label elementor-screen-only\">Message<\/label><textarea class=\"elementor-field-textual elementor-field  elementor-size-sm\" name=\"form_fields[message]\" id=\"form-field-message\" rows=\"4\" placeholder=\"Message\"><\/textarea>\t\t\t\t<\/div>\n\t\t\t\t\t\t\t\t<div class=\"elementor-field-group elementor-column elementor-field-type-submit elementor-col-100 e-form__buttons\">\n\t\t\t\t\t<button type=\"submit\" class=\"elementor-button elementor-size-sm\">\n\t\t\t\t\t\t<span >\n\t\t\t\t\t\t\t\t\t\t\t\t\t\t\t<span class=\" elementor-button-icon\">\n\t\t\t\t\t\t\t\t\t\t\t\t\t\t\t\t\t\t\t\t\t\t\t\t\t\t<\/span>\n\t\t\t\t\t\t\t\t\t\t\t\t\t\t\t\t\t\t\t\t\t\t<span class=\"elementor-button-text\">ENVOYER<\/span>\n\t\t\t\t\t\t\t\t\t\t\t\t\t<\/span>\n\t\t\t\t\t<\/button>\n\t\t\t\t<\/div>\n\t\t\t<\/div>\n\t\t<\/form>\n\t\t\t\t<\/div>\n\t\t\t\t<\/div>\n\t\t\t\t\t<\/div>\n\t\t<\/div>\n\t\t\t\t<div class=\"elementor-column elementor-col-50 elementor-top-column elementor-element elementor-element-cc5b1cc\" data-id=\"cc5b1cc\" data-element_type=\"column\">\n\t\t\t<div class=\"elementor-widget-wrap elementor-element-populated\">\n\t\t\t\t\t\t\t\t<div class=\"elementor-element elementor-element-571a13c elementor-widget elementor-widget-text-editor\" data-id=\"571a13c\" data-element_type=\"widget\" data-widget_type=\"text-editor.default\">\n\t\t\t\t<div class=\"elementor-widget-container\">\n\t\t\t\t\t\t\t\t<h4>Plan d&rsquo;acc\u00e8s<\/h4>\t\t\t\t\t\t<\/div>\n\t\t\t\t<\/div>\n\t\t\t\t<div class=\"elementor-element elementor-element-5952f5d elementor-widget elementor-widget-shortcode\" data-id=\"5952f5d\" data-element_type=\"widget\" data-widget_type=\"shortcode.default\">\n\t\t\t\t<div class=\"elementor-widget-container\">\n\t\t\t\t\t<div class=\"elementor-shortcode\"><iframe src=\"https:\/\/www.google.com\/maps\/embed?pb=!1m18!1m12!1m3!1d2939.1843146647534!2d3.0446922147060556!3d42.55137903099177!2m3!1f0!2f0!3f0!3m2!1i1024!2i768!4f13.1!3m3!1m2!1s0x12b07ee2c45948a9%3A0x46dd0d6bbd25cc12!2s4%20All%C3%A9e%20des%20Palmiers%2C%2066700%20Argel%C3%A8s-sur-Mer!5e0!3m2!1sfr!2sfr!4v1618766649944!5m2!1sfr!2sfr\" width=\"600\" height=\"450\" style=\"border:0;\" allowfullscreen=\"\" loading=\"lazy\"><\/iframe><\/div>\n\t\t\t\t<\/div>\n\t\t\t\t<\/div>\n\t\t\t\t<div class=\"elementor-element elementor-element-532fe70 elementor-widget elementor-widget-alloggio_core_google_map\" data-id=\"532fe70\" data-element_type=\"widget\" data-widget_type=\"alloggio_core_google_map.default\">\n\t\t\t\t<div class=\"elementor-widget-container\">\n\t\t\t<div class=\"qodef-shortcode qodef-m  qodef-google-map\">\n\t<div class=\"qodef-m-map\" id=\"qodef-map-id--1\" data-addresses='[\"Via Venti Settembre, Roma\"]' data-pin=https:\/\/www.dev.centreplage.com\/wp-content\/plugins\/alloggio-core\/inc\/maps\/assets\/img\/pin.png data-unique-id=1 data-height=300><\/div>\n<\/div>\t\t<\/div>\n\t\t\t\t<\/div>\n\t\t\t\t\t<\/div>\n\t\t<\/div>\n\t\t\t\t\t\t\t<\/div>\n\t\t<\/section>\n\t\t\t\t<section class=\"elementor-section elementor-top-section elementor-element elementor-element-48920046 elementor-section-full_width elementor-section-height-default elementor-section-height-default qodef-elementor-content-no\" data-id=\"48920046\" data-element_type=\"section\">\n\t\t\t\t\t\t<div class=\"elementor-container elementor-column-gap-no\">\n\t\t\t\t\t<div class=\"elementor-column elementor-col-100 elementor-top-column elementor-element elementor-element-2a6f310b\" data-id=\"2a6f310b\" data-element_type=\"column\" data-settings=\"{&quot;background_background&quot;:&quot;classic&quot;}\">\n\t\t\t<div class=\"elementor-widget-wrap elementor-element-populated\">\n\t\t\t\t\t\t\t\t<div class=\"elementor-element elementor-element-44fb352 elementor-widget elementor-widget-heading\" data-id=\"44fb352\" data-element_type=\"widget\" data-widget_type=\"heading.default\">\n\t\t\t\t<div class=\"elementor-widget-container\">\n\t\t\t<h2 class=\"elementor-heading-title elementor-size-default\">Comment venir \u00e0 l'h\u00f4tel centre plage ?<\/h2>\t\t<\/div>\n\t\t\t\t<\/div>\n\t\t\t\t<div class=\"elementor-element elementor-element-f6dd6f7 elementor-widget elementor-widget-text-editor\" data-id=\"f6dd6f7\" data-element_type=\"widget\" data-widget_type=\"text-editor.default\">\n\t\t\t\t<div class=\"elementor-widget-container\">\n\t\t\t\t\t\t\t\t<p>Une fois \u00e0 Argel\u00e8s, et d&rsquo;o\u00f9 que vous veniez, suivez les panneaux indiquant l&rsquo;Office de Tourisme,\u00a0c&rsquo;est le plus simple !<\/p>\t\t\t\t\t\t<\/div>\n\t\t\t\t<\/div>\n\t\t\t\t<div class=\"elementor-element elementor-element-f08459e elementor-widget elementor-widget-text-editor\" data-id=\"f08459e\" data-element_type=\"widget\" data-widget_type=\"text-editor.default\">\n\t\t\t\t<div class=\"elementor-widget-container\">\n\t\t\t\t\t\t\t\t<ul><li><strong>En voiture :<\/strong><\/li><\/ul><p><u>Si vous venez du nord (par Perpignan)<\/u><\/p><p>Sur l&rsquo;autoroute, sortez par \u00ab\u00a0Perpignan Sud\u00a0\u00bb puis suivez Argel\u00e8s, qui est bien fl\u00e9ch\u00e9.<\/p><p>Sur la voie express, prendre sortie 12 \u00ab\u00a0Port Argel\u00e8s\u00a0\u00bb. Arriv\u00e9s au port, continuez direction St Cyprien pendant 1,3 Km. Vous verrez l&rsquo;h\u00f4tel \u00e0 votre droite (enseignes bleues).<\/p><p><u>Si vous venez de St Cyprien<\/u><\/p><p>Entrez sur le grand parking dont l&rsquo;entr\u00e9e se trouve au rond point de l&rsquo;office de tourisme d&rsquo;Argel\u00e8s et continuez tout au bout du parking : vous serez juste en face de l&rsquo;h\u00f4tel.<\/p><p><u>Si vous venez de Collioure<\/u><\/p><p>Prenez la direction le port d&rsquo;Argel\u00e8s et\u00a0continuez direction St Cyprien pendant 1,3 Km. Vous verrez l&rsquo;h\u00f4tel \u00e0 votre droite (enseignes bleues).<\/p><ul><li><strong>En train :<\/strong><\/li><\/ul><p>Il y a une gare \u00e0 Argel\u00e8s, en environ 2,5 Km de l&rsquo;H\u00f4tel Centre Plage.<\/p><p>Vous pouvez prendre un taxi.<\/p><p>Il y a une Cie de Taxis pr\u00e8s de la gare, les taxis Alazard. T\u00e9l 04.68.81.05.12.<\/p><p>Les autres Cie de Taxis : Capeille : 04.68.81.30.32 &#8211; Argel\u00e8s-taxi : 04.68.81.09.11<\/p><ul><li><strong>En avion :<\/strong><\/li><\/ul><p>A\u00e9roport de Perpignan-Rivesaltes, \u00e0 30 Km d&rsquo;Argel\u00e8s : liaisions quotidiennes avec Paris-Orly, Londres, Bruxelles et Dublin (en saison).<\/p><p>A\u00e9roport de G\u00e9rone \u00e0 90 Km d&rsquo;Argel\u00e8s : liaisons quotidiennes avec l&rsquo;Europe.<\/p><p>\u00a0<\/p><p><strong><span class=\"ic_color1\">Est-il possible de d\u00e9charger les bagages devant l&rsquo;H\u00f4tel Centre Plage ?<\/span><\/strong><\/p><p>Oui, pendant les heures d&rsquo;ouverture de la r\u00e9ception (c&rsquo;est \u00e0 dire 24 h\/24 en juillet et ao\u00fbt et de 8 h \u00e0 midi et de 16 h \u00e0 21 heures le reste de l&rsquo;ann\u00e9e). Au rond-point , vous verrez des bornes qui peuvent se baisser : nous avons la t\u00e9l\u00e9commande. Il vous suffit de nous contacter par t\u00e9l\u00e9phone. Tr\u00e8s pratique quand on est charg\u00e9 !<\/p><p>\u00a0<\/p><p><strong><span class=\"ic_color1\">O\u00f9 peut-on se garer ?<\/span><\/strong><\/p><p><strong>De mi-juin \u00e0 mi-septembre<\/strong>, il y a un march\u00e9 artisanal juste en face de l&rsquo;h\u00f4tel, et un march\u00e9 sur le parking attenant, les lundi, mercredi et vendredi. Nous vous conseillons donc de stationner \u00e0 droite de l&rsquo;Office de Tourisme (devant la Police) ou sur le parking du Grau. Ces 2 parkings sont \u00e0 environ 100 m\u00e8tres de l&rsquo;h\u00f4tel.<\/p><p>Sachez que vous n&rsquo;aurez pas besoin de votre v\u00e9hicule en haute saison : vous pourrez vous d\u00e9placer en train-bus (le bus local), en bus du Conseil G\u00e9n\u00e9ral (\u00e0 1 \u20ac), en bateau pour aller \u00e0 Collioure, par exemple&#8230; ou encore en louant une bicyclette.<\/p><p>\u00a0<\/p><p><span class=\"ic_color1\"><strong>J&rsquo;ai fait une r\u00e9servation mais j&rsquo;arriverai apr\u00e8s la fermeture de la r\u00e9ception. Est-ce possible ?<\/strong><\/span><\/p><p>Nous avons un distributeur automatique de clefs. Il suffit de\u00a0<u>nous pr\u00e9venir<\/u>\u00a0avant la fermeture de la r\u00e9ception, c&rsquo;est-\u00e0-dire avant midi si vous souhaitez arriver en d\u00e9but d&rsquo;apr\u00e8s-midi ou avant 21 heures si vous arrivez tard. Nous vous donnerons un code d&rsquo;acc\u00e8s correspondant \u00e0 votre r\u00e9servation.<\/p><p>Vous pouvez aussi arriver sans r\u00e9servation \u00e0 toutes heures gr\u00e2ce \u00e0 cette borne (sous r\u00e9serve de disponibilit\u00e9 en disposant imp\u00e9rativement d&rsquo;une carte bancaire dans ce cas).<\/p>\t\t\t\t\t\t<\/div>\n\t\t\t\t<\/div>\n\t\t\t\t\t<\/div>\n\t\t<\/div>\n\t\t\t\t\t\t\t<\/div>\n\t\t<\/section>\n\t\t\t\t\t\t<\/div>\n\t\t\t\t\t<\/div>\n\t\t","protected":false},"excerpt":{"rendered":"<p>Contact the Centre Plage Hotel 4, all\u00e9e des Palmiers &#8211; 66 700 Argel\u00e8s-sur-mer 04 68 81 12 24 contact@centreplage.com Vous vous pouvez \u00e9galement remplir le formulaire ci-dessous: :\u00a0 Plan d&rsquo;acc\u00e8s Comment venir \u00e0 l&rsquo;h\u00f4tel centre plage ? Une fois \u00e0 Argel\u00e8s, et d&rsquo;o\u00f9 que vous veniez, suivez les panneaux indiquant l&rsquo;Office de Tourisme,\u00a0c&rsquo;est le plus [&hellip;]<\/p>\n","protected":false},"author":2,"featured_media":0,"parent":0,"menu_order":0,"comment_status":"closed","ping_status":"closed","template":"page-full-width.php","meta":[],"yoast_head":"<!-- This site is optimized with the Yoast SEO plugin v16.3 - https:\/\/yoast.com\/wordpress\/plugins\/seo\/ -->\n<title>Contact - Hotel Centre Plage<\/title>\n<meta name=\"robots\" content=\"index, follow, max-snippet:-1, max-image-preview:large, max-video-preview:-1\" \/>\n<link rel=\"canonical\" href=\"http:\/\/www.dev.centreplage.com\/index.php\/language\/en\/contact-2\/\" \/>\n<meta property=\"og:locale\" content=\"fr_FR\" \/>\n<meta property=\"og:type\" content=\"article\" \/>\n<meta property=\"og:title\" content=\"Contact - Hotel Centre Plage\" \/>\n<meta property=\"og:description\" content=\"Contact the Centre Plage Hotel 4, all\u00e9e des Palmiers &#8211; 66 700 Argel\u00e8s-sur-mer 04 68 81 12 24 contact@centreplage.com Vous vous pouvez \u00e9galement remplir le formulaire ci-dessous: :\u00a0 Plan d&rsquo;acc\u00e8s Comment venir \u00e0 l&rsquo;h\u00f4tel centre plage ? Une fois \u00e0 Argel\u00e8s, et d&rsquo;o\u00f9 que vous veniez, suivez les panneaux indiquant l&rsquo;Office de Tourisme,\u00a0c&rsquo;est le plus [&hellip;]\" \/>\n<meta property=\"og:url\" content=\"http:\/\/www.dev.centreplage.com\/index.php\/language\/en\/contact-2\/\" \/>\n<meta property=\"og:site_name\" content=\"Hotel Centre Plage\" \/>\n<meta property=\"article:modified_time\" content=\"2021-05-22T09:34:41+00:00\" \/>\n<meta name=\"twitter:card\" content=\"summary_large_image\" \/>\n<meta name=\"twitter:label1\" content=\"Dur\u00e9e de lecture est.\">\n\t<meta name=\"twitter:data1\" content=\"3 minutes\">\n<script type=\"application\/ld+json\" class=\"yoast-schema-graph\">{\"@context\":\"https:\/\/schema.org\",\"@graph\":[{\"@type\":\"Organization\",\"@id\":\"https:\/\/www.dev.centreplage.com\/index.php\/language\/fr\/accueil\/#organization\",\"name\":\"Hotel Centre Plage\",\"url\":\"https:\/\/www.dev.centreplage.com\/index.php\/language\/fr\/accueil\/\",\"sameAs\":[],\"logo\":{\"@type\":\"ImageObject\",\"@id\":\"https:\/\/www.dev.centreplage.com\/index.php\/language\/fr\/accueil\/#logo\",\"inLanguage\":\"fr-FR\",\"url\":\"http:\/\/www.dev.centreplage.com\/wp-content\/uploads\/2021\/04\/LOGO-SIMPLE.png\",\"contentUrl\":\"http:\/\/www.dev.centreplage.com\/wp-content\/uploads\/2021\/04\/LOGO-SIMPLE.png\",\"width\":256,\"height\":223,\"caption\":\"Hotel Centre Plage\"},\"image\":{\"@id\":\"https:\/\/www.dev.centreplage.com\/index.php\/language\/fr\/accueil\/#logo\"}},{\"@type\":\"WebSite\",\"@id\":\"https:\/\/www.dev.centreplage.com\/index.php\/language\/fr\/accueil\/#website\",\"url\":\"https:\/\/www.dev.centreplage.com\/index.php\/language\/fr\/accueil\/\",\"name\":\"Hotel Centre Plage\",\"description\":\"Hotel \\u00e0 Argel\\u00e8s-sur-mer\",\"publisher\":{\"@id\":\"https:\/\/www.dev.centreplage.com\/index.php\/language\/fr\/accueil\/#organization\"},\"potentialAction\":[{\"@type\":\"SearchAction\",\"target\":\"https:\/\/www.dev.centreplage.com\/index.php\/language\/fr\/accueil\/?s={search_term_string}\",\"query-input\":\"required name=search_term_string\"}],\"inLanguage\":\"fr-FR\"},{\"@type\":\"WebPage\",\"@id\":\"http:\/\/www.dev.centreplage.com\/index.php\/language\/en\/contact-2\/#webpage\",\"url\":\"http:\/\/www.dev.centreplage.com\/index.php\/language\/en\/contact-2\/\",\"name\":\"Contact - Hotel Centre Plage\",\"isPartOf\":{\"@id\":\"https:\/\/www.dev.centreplage.com\/index.php\/language\/fr\/accueil\/#website\"},\"datePublished\":\"2021-05-16T17:29:04+00:00\",\"dateModified\":\"2021-05-22T09:34:41+00:00\",\"breadcrumb\":{\"@id\":\"http:\/\/www.dev.centreplage.com\/index.php\/language\/en\/contact-2\/#breadcrumb\"},\"inLanguage\":\"fr-FR\",\"potentialAction\":[{\"@type\":\"ReadAction\",\"target\":[\"http:\/\/www.dev.centreplage.com\/index.php\/language\/en\/contact-2\/\"]}]},{\"@type\":\"BreadcrumbList\",\"@id\":\"http:\/\/www.dev.centreplage.com\/index.php\/language\/en\/contact-2\/#breadcrumb\",\"itemListElement\":[{\"@type\":\"ListItem\",\"position\":1,\"item\":{\"@type\":\"WebPage\",\"@id\":\"https:\/\/www.dev.centreplage.com\/index.php\/language\/fr\/accueil\/\",\"url\":\"https:\/\/www.dev.centreplage.com\/index.php\/language\/fr\/accueil\/\",\"name\":\"Accueil\"}},{\"@type\":\"ListItem\",\"position\":2,\"item\":{\"@id\":\"http:\/\/www.dev.centreplage.com\/index.php\/language\/en\/contact-2\/#webpage\"}}]}]}<\/script>\n<!-- \/ Yoast SEO plugin. -->","_links":{"self":[{"href":"https:\/\/www.dev.centreplage.com\/index.php\/wp-json\/wp\/v2\/pages\/6086"}],"collection":[{"href":"https:\/\/www.dev.centreplage.com\/index.php\/wp-json\/wp\/v2\/pages"}],"about":[{"href":"https:\/\/www.dev.centreplage.com\/index.php\/wp-json\/wp\/v2\/types\/page"}],"author":[{"embeddable":true,"href":"https:\/\/www.dev.centreplage.com\/index.php\/wp-json\/wp\/v2\/users\/2"}],"replies":[{"embeddable":true,"href":"https:\/\/www.dev.centreplage.com\/index.php\/wp-json\/wp\/v2\/comments?post=6086"}],"version-history":[{"count":8,"href":"https:\/\/www.dev.centreplage.com\/index.php\/wp-json\/wp\/v2\/pages\/6086\/revisions"}],"predecessor-version":[{"id":6241,"href":"https:\/\/www.dev.centreplage.com\/index.php\/wp-json\/wp\/v2\/pages\/6086\/revisions\/6241"}],"wp:attachment":[{"href":"https:\/\/www.dev.centreplage.com\/index.php\/wp-json\/wp\/v2\/media?parent=6086"}],"curies":[{"name":"wp","href":"https:\/\/api.w.org\/{rel}","templated":true}]}}